{"id":1325,"date":"2023-04-13T16:15:20","date_gmt":"2023-04-13T14:15:20","guid":{"rendered":"https:\/\/carlena.fr\/?post_type=product&#038;p=1325"},"modified":"2025-06-26T17:02:27","modified_gmt":"2025-06-26T15:02:27","slug":"alya-noir","status":"publish","type":"product","link":"https:\/\/carlena.fr\/?product=alya-noir","title":{"rendered":"ALYA NOIR"},"content":{"rendered":"<p>CEINTURE ALYA NOIR<\/p>\n<ul>\n<li>Cuir de vachette grain\u00e9<\/li>\n<li>Largeur 3cm<\/li>\n<li>Finition de tranche noir<\/li>\n<li>Bijou en zamac et acier<\/li>\n<li>2 tailles, possibilit\u00e9 de sur mesure<\/li>\n<li>Produit fabriqu\u00e9 en France<\/li>\n<li>Enti\u00e8rement con\u00e7u \u00e0 la main<\/li>\n<\/ul>\n","protected":false},"excerpt":{"rendered":"<p><span data-olk-copy-source=\"MessageBody\">Indispensable du vestiaire f\u00e9minin, la ceinture ALYA noire allie sobri\u00e9t\u00e9 et \u00e9l\u00e9gance. En cuir lisse made in France, \u00e0 associer \u00e0 la boucle de votre choix<\/span><\/p>\n","protected":false},"featured_media":1330,"comment_status":"open","ping_status":"closed","template":"","meta":{"rank_math_lock_modified_date":false},"product_brand":[],"product_cat":[38],"product_tag":[],"class_list":{"0":"post-1325","1":"product","2":"type-product","3":"status-publish","4":"has-post-thumbnail","6":"product_cat-ceintures","7":"latest_post","9":"first","10":"instock","11":"shipping-taxable","12":"purchasable","13":"product-type-variable"},"jetpack_sharing_enabled":true,"_links":{"self":[{"href":"https:\/\/carlena.fr\/index.php?rest_route=\/wp\/v2\/product\/1325"}],"collection":[{"href":"https:\/\/carlena.fr\/index.php?rest_route=\/wp\/v2\/product"}],"about":[{"href":"https:\/\/carlena.fr\/index.php?rest_route=\/wp\/v2\/types\/product"}],"replies":[{"embeddable":true,"href":"https:\/\/carlena.fr\/index.php?rest_route=%2Fwp%2Fv2%2Fcomments&post=1325"}],"wp:featuredmedia":[{"embeddable":true,"href":"https:\/\/carlena.fr\/index.php?rest_route=\/wp\/v2\/media\/1330"}],"wp:attachment":[{"href":"https:\/\/carlena.fr\/index.php?rest_route=%2Fwp%2Fv2%2Fmedia&parent=1325"}],"wp:term":[{"taxonomy":"product_brand","embeddable":true,"href":"https:\/\/carlena.fr\/index.php?rest_route=%2Fwp%2Fv2%2Fproduct_brand&post=1325"},{"taxonomy":"product_cat","embeddable":true,"href":"https:\/\/carlena.fr\/index.php?rest_route=%2Fwp%2Fv2%2Fproduct_cat&post=1325"},{"taxonomy":"product_tag","embeddable":true,"href":"https:\/\/carlena.fr\/index.php?rest_route=%2Fwp%2Fv2%2Fproduct_tag&post=1325"}],"curies":[{"name":"wp","href":"https:\/\/api.w.org\/{rel}","templated":true}]}}