{"id":1333,"date":"2023-04-13T16:43:05","date_gmt":"2023-04-13T14:43:05","guid":{"rendered":"https:\/\/carlena.fr\/?post_type=product&#038;p=1333"},"modified":"2025-06-26T17:00:05","modified_gmt":"2025-06-26T15:00:05","slug":"alya-marron","status":"publish","type":"product","link":"https:\/\/carlena.fr\/?product=alya-marron","title":{"rendered":"ALYA CAMEL"},"content":{"rendered":"<p>CEINTURE ALYA CAMEL<\/p>\n<ul>\n<li>Cuir de vachette lisse<\/li>\n<li>Largeur 3cm<\/li>\n<li>Finition de tranche marron<\/li>\n<li>Bijou en zamac et acier<\/li>\n<li>Produit fabriqu\u00e9 en France<\/li>\n<li>Enti\u00e8rement con\u00e7u \u00e0 la main<\/li>\n<\/ul>\n","protected":false},"excerpt":{"rendered":"<p><span data-olk-copy-source=\"MessageBody\">Classique et naturelle, la ceinture ALYA camel en cuir lisse s\u2019adapte \u00e0 toutes vos tenues. Fabriqu\u00e9e en France, avec boucle personnalisable<\/span><\/p>\n","protected":false},"featured_media":1515,"comment_status":"open","ping_status":"closed","template":"","meta":{"rank_math_lock_modified_date":false},"product_brand":[],"product_cat":[38],"product_tag":[],"class_list":{"0":"post-1333","1":"product","2":"type-product","3":"status-publish","4":"has-post-thumbnail","6":"product_cat-ceintures","7":"latest_post","9":"first","10":"instock","11":"shipping-taxable","12":"purchasable","13":"product-type-variable"},"jetpack_sharing_enabled":true,"_links":{"self":[{"href":"https:\/\/carlena.fr\/index.php?rest_route=\/wp\/v2\/product\/1333"}],"collection":[{"href":"https:\/\/carlena.fr\/index.php?rest_route=\/wp\/v2\/product"}],"about":[{"href":"https:\/\/carlena.fr\/index.php?rest_route=\/wp\/v2\/types\/product"}],"replies":[{"embeddable":true,"href":"https:\/\/carlena.fr\/index.php?rest_route=%2Fwp%2Fv2%2Fcomments&post=1333"}],"wp:featuredmedia":[{"embeddable":true,"href":"https:\/\/carlena.fr\/index.php?rest_route=\/wp\/v2\/media\/1515"}],"wp:attachment":[{"href":"https:\/\/carlena.fr\/index.php?rest_route=%2Fwp%2Fv2%2Fmedia&parent=1333"}],"wp:term":[{"taxonomy":"product_brand","embeddable":true,"href":"https:\/\/carlena.fr\/index.php?rest_route=%2Fwp%2Fv2%2Fproduct_brand&post=1333"},{"taxonomy":"product_cat","embeddable":true,"href":"https:\/\/carlena.fr\/index.php?rest_route=%2Fwp%2Fv2%2Fproduct_cat&post=1333"},{"taxonomy":"product_tag","embeddable":true,"href":"https:\/\/carlena.fr\/index.php?rest_route=%2Fwp%2Fv2%2Fproduct_tag&post=1333"}],"curies":[{"name":"wp","href":"https:\/\/api.w.org\/{rel}","templated":true}]}}

<p>CEINTURE ALYA CAMEL</p>
<ul>
<li>Cuir de vachette lisse</li>
<li>Largeur 3cm</li>
<li>Finition de tranche marron</li>
<li>Bijou en zamac et acier</li>
<li>Produit fabriqué en France</li>
<li>Entièrement conçu à la main</li>
</ul>

<p><span data-olk-copy-source="MessageBody">Classique et naturelle, la ceinture ALYA camel en cuir lisse s’adapte à toutes vos tenues. Fabriquée en France, avec boucle personnalisable</span></p>
